{"id":107,"date":"2017-03-08T16:05:35","date_gmt":"2017-03-08T15:05:35","guid":{"rendered":"http:\/\/www.holyvaclav.cz\/?page_id=107"},"modified":"2017-03-12T21:01:41","modified_gmt":"2017-03-12T20:01:41","slug":"truhlar","status":"publish","type":"page","link":"https:\/\/www.holyvaclav.cz\/?page_id=107","title":{"rendered":"Truhl\u00e1\u0159"},"content":{"rendered":"<p>Mont\u00e1\u017e n\u00e1bytku, kuchyn\u011b, sk\u0159\u00edn\u011b, postele.<\/p>\n<p>Se\u0159\u00edzen\u00ed dv\u00ed\u0159ek a z\u00e1suvek, oprava nebo v\u00fdm\u011bna\u00a0komponent\u016f.<\/p>\n<p>Rekonstrukce kuchyn\u00ed v\u010detn\u011b v\u0161ech pot\u0159ebn\u00fdch prac\u00ed.<\/p>\n<p>V\u00fdroba n\u00e1bytku &#8211; sami pro v\u00e1s vyrob\u00edme kuchy\u0148, sk\u0159\u00ed\u0148 atd. na m\u00edru.<\/p>\n","protected":false},"excerpt":{"rendered":"<p>Mont\u00e1\u017e n\u00e1bytku, kuchyn\u011b, sk\u0159\u00edn\u011b, postele. Se\u0159\u00edzen\u00ed dv\u00ed\u0159ek a z\u00e1suvek, oprava nebo v\u00fdm\u011bna\u00a0komponent\u016f. Rekonstrukce kuchyn\u00ed v\u010detn\u011b v\u0161ech pot\u0159ebn\u00fdch prac\u00ed. V\u00fdroba n\u00e1bytku &#8211; sami pro v\u00e1s vyrob\u00edme kuchy\u0148, sk\u0159\u00ed\u0148 atd. na m\u00edru.<\/p>\n","protected":false},"author":1,"featured_media":0,"parent":0,"menu_order":0,"comment_status":"closed","ping_status":"closed","template":"","meta":{"footnotes":""},"class_list":["post-107","page","type-page","status-publish","hentry"],"_links":{"self":[{"href":"https:\/\/www.holyvaclav.cz\/index.php?rest_route=\/wp\/v2\/pages\/107","targetHints":{"allow":["GET"]}}],"collection":[{"href":"https:\/\/www.holyvaclav.cz\/index.php?rest_route=\/wp\/v2\/pages"}],"about":[{"href":"https:\/\/www.holyvaclav.cz\/index.php?rest_route=\/wp\/v2\/types\/page"}],"author":[{"embeddable":true,"href":"https:\/\/www.holyvaclav.cz\/index.php?rest_route=\/wp\/v2\/users\/1"}],"replies":[{"embeddable":true,"href":"https:\/\/www.holyvaclav.cz\/index.php?rest_route=%2Fwp%2Fv2%2Fcomments&post=107"}],"version-history":[{"count":2,"href":"https:\/\/www.holyvaclav.cz\/index.php?rest_route=\/wp\/v2\/pages\/107\/revisions"}],"predecessor-version":[{"id":109,"href":"https:\/\/www.holyvaclav.cz\/index.php?rest_route=\/wp\/v2\/pages\/107\/revisions\/109"}],"wp:attachment":[{"href":"https:\/\/www.holyvaclav.cz\/index.php?rest_route=%2Fwp%2Fv2%2Fmedia&parent=107"}],"curies":[{"name":"wp","href":"https:\/\/api.w.org\/{rel}","templated":true}]}}

Truhlář

<p>Montáž nábytku, kuchyně, skříně, postele.</p>
<p>Seřízení dvířek a zásuvek, oprava nebo výměna komponentů.</p>
<p>Rekonstrukce kuchyní včetně všech potřebných prací.</p>
<p>Výroba nábytku &#8211; sami pro vás vyrobíme kuchyň, skříň atd. na míru.</p>

<p>Montáž nábytku, kuchyně, skříně, postele. Seřízení dvířek a zásuvek, oprava nebo výměna komponentů. Rekonstrukce kuchyní včetně všech potřebných prací. Výroba nábytku &#8211; sami pro vás vyrobíme kuchyň, skříň atd. na míru.</p>
