{"id":371,"date":"2024-09-19T11:02:48","date_gmt":"2024-09-19T09:02:48","guid":{"rendered":"http:\/\/www.holyvaclav.cz\/?page_id=371"},"modified":"2024-10-30T18:39:04","modified_gmt":"2024-10-30T17:39:04","slug":"chytra-domacnost","status":"publish","type":"page","link":"https:\/\/www.holyvaclav.cz\/?page_id=371","title":{"rendered":"Chytr\u00e1 dom\u00e1cnost"},"content":{"rendered":"<h1><span style=\"color: #33cccc;\">Chytr\u00e1 dom\u00e1cnost, kdy\u017e technologie slou\u017e\u00ed V\u00e1m<\/span><\/h1>\n<p>&nbsp;<\/p>\n<hr \/>\n<h2><\/h2>\n<h2>Chytr\u00e9 osv\u011blen\u00ed a komfort<\/h2>\n<p style=\"text-align: left;\">Mo\u017enosti nastaven\u00ed barvy , jasu \u010di teploty sv\u011btla je\u0161t\u011b v\u00edce prohloub\u00ed pocit domova a nastav\u00ed spr\u00e1vou atmosf\u00e9ru na jakoukoliv p\u0159\u00edle\u017eitost. V\u0161e si jednodu\u0161e nastav\u00edte v aplikaci a pot\u00e9 u\u017e jedn\u00edm kliknut\u00edm nebo hlasem ovl\u00e1d\u00e1te. V kombinaci\u00a0sv\u011btla s pohybov\u00fdm \u010didlem nap\u0159\u00edklad na chodb\u011b zamez\u00edme sv\u011btlu sv\u00edtit celou noc p\u0159i zapomenut\u00ed ho vypnout. Teplotn\u00ed \u010didla V\u00e1m p\u0159ehledn\u011b sd\u011bl\u00ed teplotu a vlhkost v ka\u017ed\u00e9 m\u00edstnosti a s ohledem na po\u017eadovanou teplotu regulovat vyt\u00e1p\u011bn\u00ed.<\/p>\n<h2 style=\"text-align: left;\"><\/h2>\n<h2 style=\"text-align: left;\"><\/h2>\n<h2 style=\"text-align: left;\">Bezpe\u010dnost a ochrana majetku<\/h2>\n<p>Prvky chytr\u00e9 dom\u00e1cnosti vynikaj\u00ed i p\u0159i ochran\u011b majetku. Senzory vody V\u00e1s upozorn\u00ed na \u00fanik a d\u00edky nim m\u016f\u017eete rychle zamezit dal\u0161\u00edm \u0161kod\u00e1m. V p\u0159\u00edpad\u011b pou\u017eit\u00ed chytr\u00e9ho ventilu p\u0159\u00edvod uzav\u0159ou automaticky. Chytr\u00e9 z\u00e1mky, bezpe\u010dnostn\u00ed kamery a dal\u0161\u00ed, mo\u017enost\u00ed je nespo\u010det.<\/p>\n<p>&nbsp;<\/p>\n<p>Mal\u00e1 uk\u00e1zka z aplikace m\u00e9 chytr\u00e9 dom\u00e1cnosti:<\/p>\n<p><img loading=\"lazy\" decoding=\"async\" class=\"alignleft wp-image-412\" src=\"http:\/\/www.holyvaclav.cz\/wp-content\/uploads\/2024\/09\/9084DF3A-FB4F-4DAB-8C87-D76A3AC68E44-e1730307571352-145x300.jpeg\" alt=\"\" width=\"292\" height=\"603\" srcset=\"https:\/\/www.holyvaclav.cz\/wp-content\/uploads\/2024\/09\/9084DF3A-FB4F-4DAB-8C87-D76A3AC68E44-e1730307571352-145x300.jpeg 145w, https:\/\/www.holyvaclav.cz\/wp-content\/uploads\/2024\/09\/9084DF3A-FB4F-4DAB-8C87-D76A3AC68E44-e1730307571352-768x1586.jpeg 768w, https:\/\/www.holyvaclav.cz\/wp-content\/uploads\/2024\/09\/9084DF3A-FB4F-4DAB-8C87-D76A3AC68E44-e1730307571352-496x1024.jpeg 496w, https:\/\/www.holyvaclav.cz\/wp-content\/uploads\/2024\/09\/9084DF3A-FB4F-4DAB-8C87-D76A3AC68E44-e1730307571352.jpeg 1284w\" sizes=\"auto, (max-width: 292px) 100vw, 292px\" \/><\/p>\n<h2><\/h2>\n<h2><\/h2>\n<h2>Automatizace fotovoltaiky<\/h2>\n<p>Kombinace fotovoltaiky a chytr\u00e9 dom\u00e1cnosti dok\u00e1\u017ee vyu\u017e\u00edvat elekt\u0159inu efektivn\u011bji a sn\u00ed\u017eit n\u00e1vratnost FVE. P\u0159ev\u00e1\u017en\u011b to zaji\u0161\u0165uje sp\u00edn\u00e1n\u00ed bojleru, oh\u0159evu baz\u00e9nu a dal\u0161\u00edch energeticky n\u00e1ro\u010dn\u00fdch spot\u0159ebi\u010d\u016f ve v\u00fdrobn\u00ed \u0161pi\u010dce. Dal\u0161\u00ed funkc\u00ed je omezen\u00ed dod\u00e1vky do s\u00edt\u011b p\u0159i z\u00e1porn\u00fdch spotov\u00fdch cen\u00e1ch a my tedy plat\u00edme za dodanou energii.<\/p>\n<p>&nbsp;<\/p>\n<p>Tablet na zdi jako real-time monitoring a z\u00e1rove\u0148 ovl\u00e1dac\u00ed centrum:<\/p>\n<p><img loading=\"lazy\" decoding=\"async\" class=\"alignleft wp-image-403\" src=\"http:\/\/www.holyvaclav.cz\/wp-content\/uploads\/2024\/10\/IMG_0292-e1730307379431-1024x733.jpg\" alt=\"\" width=\"500\" height=\"358\" srcset=\"https:\/\/www.holyvaclav.cz\/wp-content\/uploads\/2024\/10\/IMG_0292-e1730307379431-1024x733.jpg 1024w, https:\/\/www.holyvaclav.cz\/wp-content\/uploads\/2024\/10\/IMG_0292-e1730307379431-300x215.jpg 300w, https:\/\/www.holyvaclav.cz\/wp-content\/uploads\/2024\/10\/IMG_0292-e1730307379431-768x550.jpg 768w\" sizes=\"auto, (max-width: 500px) 100vw, 500px\" \/><\/p>\n","protected":false},"excerpt":{"rendered":"<p>Chytr\u00e1 dom\u00e1cnost, kdy\u017e technologie slou\u017e\u00ed V\u00e1m &nbsp; Chytr\u00e9 osv\u011blen\u00ed a komfort Mo\u017enosti nastaven\u00ed barvy , jasu \u010di teploty sv\u011btla je\u0161t\u011b v\u00edce prohloub\u00ed pocit domova a nastav\u00ed spr\u00e1vou atmosf\u00e9ru na jakoukoliv p\u0159\u00edle\u017eitost. V\u0161e si jednodu\u0161e nastav\u00edte v aplikaci a pot\u00e9 u\u017e jedn\u00edm kliknut\u00edm nebo hlasem ovl\u00e1d\u00e1te. V kombinaci\u00a0sv\u011btla s pohybov\u00fdm \u010didlem nap\u0159\u00edklad na chodb\u011b zamez\u00edme sv\u011btlu &hellip; <\/p>\n<p class=\"link-more\"><a href=\"https:\/\/www.holyvaclav.cz\/?page_id=371\" class=\"more-link\">Pokra\u010dovat ve \u010dten\u00ed<span class=\"screen-reader-text\"> &#8222;Chytr\u00e1 dom\u00e1cnost&#8220;<\/span><\/a><\/p>\n","protected":false},"author":1,"featured_media":0,"parent":0,"menu_order":0,"comment_status":"closed","ping_status":"closed","template":"","meta":{"footnotes":""},"class_list":["post-371","page","type-page","status-publish","hentry"],"_links":{"self":[{"href":"https:\/\/www.holyvaclav.cz\/index.php?rest_route=\/wp\/v2\/pages\/371","targetHints":{"allow":["GET"]}}],"collection":[{"href":"https:\/\/www.holyvaclav.cz\/index.php?rest_route=\/wp\/v2\/pages"}],"about":[{"href":"https:\/\/www.holyvaclav.cz\/index.php?rest_route=\/wp\/v2\/types\/page"}],"author":[{"embeddable":true,"href":"https:\/\/www.holyvaclav.cz\/index.php?rest_route=\/wp\/v2\/users\/1"}],"replies":[{"embeddable":true,"href":"https:\/\/www.holyvaclav.cz\/index.php?rest_route=%2Fwp%2Fv2%2Fcomments&post=371"}],"version-history":[{"count":25,"href":"https:\/\/www.holyvaclav.cz\/index.php?rest_route=\/wp\/v2\/pages\/371\/revisions"}],"predecessor-version":[{"id":448,"href":"https:\/\/www.holyvaclav.cz\/index.php?rest_route=\/wp\/v2\/pages\/371\/revisions\/448"}],"wp:attachment":[{"href":"https:\/\/www.holyvaclav.cz\/index.php?rest_route=%2Fwp%2Fv2%2Fmedia&parent=371"}],"curies":[{"name":"wp","href":"https:\/\/api.w.org\/{rel}","templated":true}]}}

Chytrá domácnost

<h1><span style="color: #33cccc;">Chytrá domácnost, když technologie slouží Vám</span></h1>
<p>&nbsp;</p>
<hr />
<h2></h2>
<h2>Chytré osvělení a komfort</h2>
<p style="text-align: left;">Možnosti nastavení barvy , jasu či teploty světla ještě více prohloubí pocit domova a nastaví správou atmosféru na jakoukoliv příležitost. Vše si jednoduše nastavíte v aplikaci a poté už jedním kliknutím nebo hlasem ovládáte. V kombinaci světla s pohybovým čidlem například na chodbě zamezíme světlu svítit celou noc při zapomenutí ho vypnout. Teplotní čidla Vám přehledně sdělí teplotu a vlhkost v každé místnosti a s ohledem na požadovanou teplotu regulovat vytápění.</p>
<h2 style="text-align: left;"></h2>
<h2 style="text-align: left;"></h2>
<h2 style="text-align: left;">Bezpečnost a ochrana majetku</h2>
<p>Prvky chytré domácnosti vynikají i při ochraně majetku. Senzory vody Vás upozorní na únik a díky nim můžete rychle zamezit dalším škodám. V případě použití chytrého ventilu přívod uzavřou automaticky. Chytré zámky, bezpečnostní kamery a další, možností je nespočet.</p>
<p>&nbsp;</p>
<p>Malá ukázka z aplikace mé chytré domácnosti:</p>
<p><img loading="lazy" decoding="async" class="alignleft wp-image-412" src="http://www.holyvaclav.cz/wp-content/uploads/2024/09/9084DF3A-FB4F-4DAB-8C87-D76A3AC68E44-e1730307571352-145x300.jpeg" alt="" width="292" height="603" srcset="https://www.holyvaclav.cz/wp-content/uploads/2024/09/9084DF3A-FB4F-4DAB-8C87-D76A3AC68E44-e1730307571352-145x300.jpeg 145w, https://www.holyvaclav.cz/wp-content/uploads/2024/09/9084DF3A-FB4F-4DAB-8C87-D76A3AC68E44-e1730307571352-768x1586.jpeg 768w, https://www.holyvaclav.cz/wp-content/uploads/2024/09/9084DF3A-FB4F-4DAB-8C87-D76A3AC68E44-e1730307571352-496x1024.jpeg 496w, https://www.holyvaclav.cz/wp-content/uploads/2024/09/9084DF3A-FB4F-4DAB-8C87-D76A3AC68E44-e1730307571352.jpeg 1284w" sizes="auto, (max-width: 292px) 100vw, 292px" /></p>
<h2></h2>
<h2></h2>
<h2>Automatizace fotovoltaiky</h2>
<p>Kombinace fotovoltaiky a chytré domácnosti dokáže využívat elektřinu efektivněji a snížit návratnost FVE. Převážně to zajišťuje spínání bojleru, ohřevu bazénu a dalších energeticky náročných spotřebičů ve výrobní špičce. Další funkcí je omezení dodávky do sítě při záporných spotových cenách a my tedy platíme za dodanou energii.</p>
<p>&nbsp;</p>
<p>Tablet na zdi jako real-time monitoring a zároveň ovládací centrum:</p>
<p><img loading="lazy" decoding="async" class="alignleft wp-image-403" src="http://www.holyvaclav.cz/wp-content/uploads/2024/10/IMG_0292-e1730307379431-1024x733.jpg" alt="" width="500" height="358" srcset="https://www.holyvaclav.cz/wp-content/uploads/2024/10/IMG_0292-e1730307379431-1024x733.jpg 1024w, https://www.holyvaclav.cz/wp-content/uploads/2024/10/IMG_0292-e1730307379431-300x215.jpg 300w, https://www.holyvaclav.cz/wp-content/uploads/2024/10/IMG_0292-e1730307379431-768x550.jpg 768w" sizes="auto, (max-width: 500px) 100vw, 500px" /></p>

<p>Chytrá domácnost, když technologie slouží Vám &nbsp; Chytré osvělení a komfort Možnosti nastavení barvy , jasu či teploty světla ještě více prohloubí pocit domova a nastaví správou atmosféru na jakoukoliv příležitost. Vše si jednoduše nastavíte v aplikaci a poté už jedním kliknutím nebo hlasem ovládáte. V kombinaci světla s pohybovým čidlem například na chodbě zamezíme světlu &hellip; </p>
<p class="link-more"><a href="https://www.holyvaclav.cz/?page_id=371" class="more-link">Pokračovat ve čtení<span class="screen-reader-text"> &#8222;Chytrá domácnost&#8220;</span></a></p>
